se 2, what is -11110111 + 1100011100100?
1011111101101
In base 12, what is -230 - -585?
355
In base 8, what is -23 - -5165?
5142
In base 2, what is -111100010010 - 10110101100?
-1010010111110
In base 12, what is -b5aaa + -4?
-b5ab2
In base 11, what is -104427 - 5?
-104431
In base 9, what is 283 - -6065?
6358
In base 14, what is 1 + 39c4?
39c5
In base 13, what is -1 + 99293?
99292
In base 10, what is -5 - -305311?
305306
In base 13, what is 8b10 + -6?
8b07
In base 12, what is 5 - -6152?
6157
In base 10, what is 727 + 19?
746
In base 15, what is 2027 - -2?
2029
In base 14, what is 1 + d7b86?
d7b87
In base 2, what is 101 + -110000010101?
-110000010000
In base 2, what is -101 - -1111011001111?
1111011001010
In base 9, what is 4 + -58345?
-58341
In base 14, what is -4 + 13d17?
13d13
In base 15, what is -2d + -57ba?
-57e8
In base 12, what is 3a061 - 5?
3a058
In base 6, what is 11104 - -44?
11152
In base 5, what is -3422 - 0?
-3422
In base 7, what is 43646 + 2?
43651
In base 8, what is -434 + 4361?
3725
In base 10, what is 15 + -36262?
-36247
In base 11, what is 5 - -275?
27a
In base 8, what is 5 - 52502?
-52475
In base 5, what is -103 - -122?
14
In base 15, what is -53610 + 9?
-53606
In base 8, what is -5 + -737466?
-737473
In base 13, what is 11024c - 2?
11024a
In base 6, what is 100432 - -42?
100514
In base 16, what is -48d - 61?
-4ee
In base 7, what is 331 + -25165?
-24534
In base 10, what is -125 - -2167?
2042
In base 9, what is -1 + 65036?
65035
In base 13, what is -5c11 + 7?
-5c07
In base 13, what is -41c61 - -14?
-41c4a
In base 10, what is -6 - -22518?
22512
In base 7, what is 1 + 2361411?
2361412
In base 11, what is 8 + 8886?
8893
In base 3, what is 10112000101 - -1?
10112000102
In base 16, what is 3b71 + -44?
3b2d
In base 7, what is -2 + -4234?
-4236
In base 12, what is -6 + -4935?
-493b
In base 4, what is -2112011 + 122?
-2111223
In base 2, what is 10000111 + 1101000000000?
1101010000111
In base 2, what is -10110000111 - 1001001100?
-11111010011
In base 12, what is -1 - 92b0b?
-92b10
In base 10, what is -5 + -20751?
-20756
In base 7, what is -55113 + 5?
-55105
In base 12, what is -1a + -71659?
-71677
In base 11, what is 101170 + -5?
101166
In base 12, what is 3aa - 3?
3a7
In base 7, what is 1511265 + -15?
1511250
In base 9, what is -148321 + 1?
-148320
In base 14, what is -41d9 - c0?
-42b9
In base 4, what is -21 - 2022002?
-2022023
In base 15, what is 1b84 - 0?
1b84
In base 5, what is -21 - 13332?
-13403
In base 9, what is -84 - 2343?
-2437
In base 16, what is 21 + 12c?
14d
In base 10, what is -1012 - -116?
-896
In base 6, what is -511323 + 0?
-511323
In base 10, what is 101928 + 0?
101928
In base 15, what is -16d6 + -4e?
-1735
In base 8, what is 4 + -5650531?
-5650525
In base 5, what is 131411 - 14000?
112411
In base 13, what is 2 + -5bca8?
-5bca6
In base 8, what is -263 - -205?
-56
In base 5, what is -23302 - 33000?
-111302
In base 6, what is -501414 + -11?
-501425
In base 4, what is -33113 + -1002?
-100121
In base 2, what is -1110101 + -1011010?
-11001111
In base 4, what is -3132 - 2213?
-12011
In base 3, what is -1110012 + -20100?
-1200112
In base 8, what is 11 + 1045?
1056
In base 8, what is -4 + 343200?
343174
In base 6, what is -2 + 11030254?
11030252
In base 9, what is -25573 - -181?
-25382
In base 14, what is 1801 - 8?
17d7
In base 14, what is 8d - 26?
67
In base 11, what is 7116a - 6?
71164
In base 16, what is 2 + -1b7f?
-1b7d
In base 4, what is -211201 + -10113?
-221320
In base 3, what is -22200101212122 + 2?
-22200101212120
In base 8, what is 673 + -3516?
-2623
In base 12, what is 2 + 1b15a?
1b160
In base 16, what is -d965 + -5?
-d96a
In base 13, what is 6 + -1364?
-135b
In base 9, what is -26 - 1825?
-1852
In base 15, what is -11 - 124c?
-125d
In base 13, what is 2 + 9138?
913a
In base 4, what is 122 + -3101?
-2313
In base 4, what is 120121 + 32?
120213
In base 2, what is -1 + 110001001001010?
110001001001001
In base 10, what is -15 - 22830?
-22845
In base 4, what is -2212 + 212032?
203220
In base 7, what is 41 + 10604?
10645
In base 7, what is 3 + -15300204?
-15300201
In base 10, what is 117 + 11123?
11240
In base 8, what is -3 - -2044035?
2044032
In base 16, what is -4 - -53580?
5357c
In base 15, what is -149 - 422?
-56b
In base 3, what is -2 - 110001121?
-110001200
In base 6, what is 30024 - -3?
30031
In base 8, what is 636372 + 2?
636374
In base 15, what is 5 - -e9727?
e972c
In base 9, what is 5033062 - -1?
5033063
In base 11, what is 25 + 32?
57
In base 14, what is 5 - -108db?
10902
In base 16, what is 2 - -da1d?
da1f
In base 7, what is 1612 - -15?
1630
In base 8, what is 5336 - -242?
5600
In base 2, what is -10101000011010000 - 10?
-10101000011010010
In base 3, what is -122200 + 21100?
-101100
In base 16, what is 101a + 3c?
1056
In base 13, what is 46b + ccb?
1469
In base 2, what is -110010 + -11001110?
-100000000
In base 13, what is 3 + -845b?
-8458
In base 13, what is -19 + 2527?
250b
In base 7, what is 365056 - 4?
365052
In base 16, what is 2b1 - -90f?
bc0
In base 4, what is 2112 - -23?
2201
In base 11, what is -4 - 97613?
-97617
In base 12, what is -31 - 367?
-398
In base 2, what is 111100 + 111100110010?
111101101110
In base 8, what is 1 + -133677?
-133676
In base 15, what is -1967 - 23?
-198a
In base 10, what is -2 - -10170?
10168
In base 4, what is -2320221021 + -13?
-2320221100
In base 2, what is -10 + 110011100000?
110011011110
In base 9, what is -23 - -43?
20
In base 10, what is 10 - -3786?
3796
In base 14, what is 0 + -1953?
-1953
In base 11, what is 70 - -262?
322
In base 11, what is -7a + 542?
473
In base 2, what is -101 + -10001010011110?
-10001010100011
In base 14, what is -c4c + 4d?
-bdd
In base 6, what is -5 - -10450132?
10450123
In base 8, what is -2066163 + 5?
-2066156
In base 16, what is 20 - 981?
-961
In base 5, what is 10020140 + 3?
10020143
In base 14, what is 5 - 5b57?
-5b52
In base 13, what is 29b2a - -12?
29b3c
In base 4, what is -11 + -211102?
-211113
In base 14, what is -5 - 148a2b?
-148a32
In base 10, what is 1223 - -21?
1244
In base 15, what is -149d - -3?
-149a
In base 4, what is -10211332 + 10?
-10211322
In base 9, what is 4 + 1187?
1202
In base 8, what is 21 - -1133?
1154
In base 2, what is 11111100101001 - -1?
11111100101010
In base 2, what is -100010110 + -101001100?
-1001100010
In base 2, what is 1 + 101011010110111?
101011010111000
In base 11, what is -184 - -1205?
1031
In base 10, what is 651888 - 5?
651883
In base 7, what is -4 + -144300?
-144304
In base 6, what is -12242055 - -1?
-12242054
In base 13, what is -1159 - -23?
-1136
In base 4, what is 10232021 - 3?
10232012
In base 14, what is 3 - 1c09c?
-1c099
In base 3, what is -12000 + -10101?
-22101
In base 4, what is -1320222 - 0?
-1320222
In base 7, what is 5 + 4655302?
4655310
In base 15, what is 577 + -d78?
-801
In base 3, what is -1 - 11221100?
-11221101
In base 16, what is 4 - 1907d?
-19079
In base 5, what is 2142121 + -2?
2142114
In base 5, what is -231 + -323134?
-323420
In base 3, what is 10 - 1110110111?
-1110110101
In base 3, what is -1222022210 - -1?
-1222022202
In base 5, what is 10044 + -1240?
3304
In base 16, what is -fd - 58a?
-687
In base 16, what is 3 + 62e?
631
In base 2, what is -110010010101 - 1110110?
-110100001011
In base 16, what is -365f + -12?
-3671
In base 10, what is -5 + -637999?
-638004
In base 9, what is 107 - -5664?
5772
In base 11, what is 41124 + 0?
41124
In base 10, what is 1 - -136350?
136351
In base 16, what is -4 - -17c32?
17c2e
In base 8, what is -5 - 34354?
-34361
In base 11, what is 5aa1 + 5?
5aa6
In base 10, what is -29192 + 14?
-29178
In base 2, what is 100 + 1000101101000100?
1000101101001000
In base 2, what is -101011 - 101000111100000?
-101001000001011
In base 9, what is 146750 - -5?
146755
In base 12, what is -22 - 2436?
-2458
In base 3, what is -1 - 21121010012?
-21121010020
In base 13, what is -41708 + 2?
-41706
In base 9, what is -4 + -37338?
-37343
In base 6, what is 2253 + -55?
2154
In base 11, what is 1113 - -83?
1196
In base 3, what is 1111 - 1002211002?
-1002202121
In base 6, what is -4 - 14130?
-14134
In base 5, what is -21042 + -12104?
-33201
In base 16, what is -5 - -148f?
148a
In base 5, what is -2 - -1132212?
1132210
In base 10, what is -181 + 5263?
5082
In base 11, wh